{"id":389,"date":"2018-09-04T00:56:30","date_gmt":"2018-09-03T22:56:30","guid":{"rendered":"http:\/\/www.m-blass.de\/?page_id=389"},"modified":"2018-09-05T18:43:15","modified_gmt":"2018-09-05T16:43:15","slug":"k-g-p","status":"publish","type":"page","link":"https:\/\/www.m-blass.de\/?page_id=389","title":{"rendered":"K-G-P"},"content":{"rendered":"<div id=\"pl-389\"  class=\"panel-layout\" ><div id=\"pg-389-0\"  class=\"panel-grid panel-has-style\" ><div class=\"siteorigin-panels-stretch panel-row-style panel-row-style-for-389-0\" style=\"background-image: url(https:\/\/www.m-blass.de\/wp-content\/uploads\/2018\/09\/logo.jpg);padding: 100px 0; \" data-stretch-type=\"full-stretched\" data-hasbg=\"hasbg\" data-overlay=\"true\" data-overlay-color=\"#000000\" ><div id=\"pgc-389-0-0\"  class=\"panel-grid-cell\" ><div id=\"panel-389-0-0-0\" class=\"so-panel widget widget_black-studio-tinymce widget_black_studio_tinymce panel-first-child panel-last-child\" data-index=\"0\" ><div style=\"text-align: left;\" data-title-color=\"#443f3f\" data-headings-color=\"#443f3f\" class=\"panel-widget-style panel-widget-style-for-389-0-0-0\" ><div class=\"textwidget\"><h2 style=\"text-align: center;\"><span style=\"color: #ffffff;\">K-G-P -\u00a0<span style=\"color: #008000;\"><span style=\"color: #999999;\">K<\/span><span style=\"color: #ffffff;\">inder<\/span><span style=\"color: #999999;\">G<\/span><span style=\"color: #ffffff;\">a<\/span><\/span>rten<\/span><span style=\"color: #999999;\">P<\/span><span style=\"color: #ffffff;\">ortal<\/span><\/h2>\n<h3 style=\"text-align: center;\"><span style=\"color: #ffffff;\">Die Verwaltung f\u00fcr Ihren Kindergarten<\/span><\/h3>\n<\/div><\/div><\/div><\/div><\/div><\/div><div id=\"pg-389-1\"  class=\"panel-grid panel-has-style\" ><div class=\"siteorigin-panels-stretch panel-row-style panel-row-style-for-389-1\" style=\"padding: 0px 0; \" data-stretch-type=\"full-stretched\" data-overlay=\"true\" data-overlay-color=\"#000000\" ><div id=\"pgc-389-1-0\"  class=\"panel-grid-cell\" ><div id=\"panel-389-1-0-0\" class=\"so-panel widget widget_black-studio-tinymce widget_black_studio_tinymce panel-first-child panel-last-child\" data-index=\"1\" ><div style=\"text-align: left;\" data-title-color=\"#443f3f\" data-headings-color=\"#443f3f\" class=\"panel-widget-style panel-widget-style-for-389-1-0-0\" ><div class=\"textwidget\"><p><img class=\"alignnone wp-image-396 size-full\" src=\"http:\/\/www.m-blass.de\/wp-content\/uploads\/2018\/09\/screen1-640.png\" alt=\"\" width=\"637\" height=\"490\" \/><\/p>\n<\/div><\/div><\/div><\/div><div id=\"pgc-389-1-1\"  class=\"panel-grid-cell\" ><div id=\"panel-389-1-1-0\" class=\"so-panel widget widget_black-studio-tinymce widget_black_studio_tinymce panel-first-child\" data-index=\"2\" ><div style=\"text-align: left;\" data-title-color=\"#443f3f\" data-headings-color=\"#443f3f\" class=\"panel-widget-style panel-widget-style-for-389-1-1-0\" ><div class=\"textwidget\"><p>K-G-P ist die standort- und ger\u00e4teunabh\u00e4ngige Verwaltung der Daten Ihres Kindergartens.<\/p>\n<p>Vermeiden Sie redundante Listen und nutzen Sie f\u00fcr alle B\u00fcroaktivit\u00e4ten und Ihre Verwaltung nur eine Datenquelle.<\/p>\n<p>Sparen\u00a0Sie Zeit durch effektive Datenhaltung.<\/p>\n<\/div><\/div><\/div><div id=\"panel-389-1-1-1\" class=\"so-panel widget widget_sow-button panel-last-child\" data-index=\"3\" ><div style=\"text-align: left;\" data-title-color=\"#443f3f\" data-headings-color=\"#443f3f\" class=\"panel-widget-style panel-widget-style-for-389-1-1-1\" ><div class=\"so-widget-sow-button so-widget-sow-button-atom-4a75a8acc3b6\"><div class=\"ow-button-base ow-button-align-center\">\n\t<a href=\"http:\/\/kgp.m-blass.de\" class=\"ow-icon-placement-left ow-button-hover\" target=\"_blank\" rel=\"noopener noreferrer\" \t\t>\n\t\t<span>\n\t\t\t\n\t\t\tzur K-G-P -Demo\t\t<\/span>\n\t<\/a>\n<\/div>\n<\/div><\/div><\/div><\/div><\/div><\/div><\/div>","protected":false},"excerpt":{"rendered":"<p>K-G-P &#8211;\u00a0KinderGartenPortal Die Verwaltung f\u00fcr Ihren Kindergarten K-G-P ist die standort- und ger\u00e4teunabh\u00e4ngige Verwaltung der Daten Ihres Kindergartens. Vermeiden Sie redundante Listen und nutzen Sie f\u00fcr alle B\u00fcroaktivit\u00e4ten und Ihre Verwaltung nur eine Datenquelle. Sparen\u00a0Sie Zeit durch effektive Datenhaltung.<\/p>\n","protected":false},"author":1,"featured_media":0,"parent":0,"menu_order":0,"comment_status":"closed","ping_status":"closed","template":"page-templates\/page_front-page.php","meta":[],"_links":{"self":[{"href":"https:\/\/www.m-blass.de\/index.php?rest_route=\/wp\/v2\/pages\/389"}],"collection":[{"href":"https:\/\/www.m-blass.de\/index.php?rest_route=\/wp\/v2\/pages"}],"about":[{"href":"https:\/\/www.m-blass.de\/index.php?rest_route=\/wp\/v2\/types\/page"}],"author":[{"embeddable":true,"href":"https:\/\/www.m-blass.de\/index.php?rest_route=\/wp\/v2\/users\/1"}],"replies":[{"embeddable":true,"href":"https:\/\/www.m-blass.de\/index.php?rest_route=%2Fwp%2Fv2%2Fcomments&post=389"}],"version-history":[{"count":10,"href":"https:\/\/www.m-blass.de\/index.php?rest_route=\/wp\/v2\/pages\/389\/revisions"}],"predecessor-version":[{"id":426,"href":"https:\/\/www.m-blass.de\/index.php?rest_route=\/wp\/v2\/pages\/389\/revisions\/426"}],"wp:attachment":[{"href":"https:\/\/www.m-blass.de\/index.php?rest_route=%2Fwp%2Fv2%2Fmedia&parent=389"}],"curies":[{"name":"wp","href":"https:\/\/api.w.org\/{rel}","templated":true}]}}