{"id":102,"date":"2018-08-23T12:22:24","date_gmt":"2018-08-23T10:22:24","guid":{"rendered":"http:\/\/www.m-blass.de\/?page_id=102"},"modified":"2020-07-06T22:59:15","modified_gmt":"2020-07-06T20:59:15","slug":"intranet","status":"publish","type":"page","link":"https:\/\/www.m-blass.de\/?page_id=102","title":{"rendered":"Intranet"},"content":{"rendered":"<div id=\"pl-102\"  class=\"panel-layout\" ><div id=\"pg-102-0\"  class=\"panel-grid panel-has-style\" ><div class=\"siteorigin-panels-stretch panel-row-style panel-row-style-for-102-0\" style=\"background-image: url(https:\/\/www.m-blass.de\/wp-content\/uploads\/2018\/08\/intranet-header.jpg);padding: 100px 0; \" data-stretch-type=\"full-stretched\" data-hasbg=\"hasbg\" data-overlay=\"true\" data-overlay-color=\"#000000\" ><div id=\"pgc-102-0-0\"  class=\"panel-grid-cell\" ><div id=\"panel-102-0-0-0\" class=\"so-panel widget widget_black-studio-tinymce widget_black_studio_tinymce panel-first-child panel-last-child\" data-index=\"0\" ><div style=\"text-align: left;\" data-title-color=\"#443f3f\" data-headings-color=\"#443f3f\" class=\"panel-widget-style panel-widget-style-for-102-0-0-0\" ><div class=\"textwidget\"><h2 style=\"text-align: center;\"><span style=\"color: #ffffff;\">Intranet - <\/span><\/h2>\n<h3 style=\"text-align: center;\"><span style=\"color: #ffffff;\">Informationen und\u00a0t\u00e4gliche Unterst\u00fctzung\u00a0f\u00fcr Ihre Mitarbeiter\u00a0<\/span><\/h3>\n<\/div><\/div><\/div><\/div><\/div><\/div><div id=\"pg-102-1\"  class=\"panel-grid panel-has-style\" ><div class=\"siteorigin-panels-stretch panel-row-style panel-row-style-for-102-1\" style=\"padding: 0px 0; \" data-stretch-type=\"full-stretched\" data-overlay=\"true\" data-overlay-color=\"#000000\" ><div id=\"pgc-102-1-0\"  class=\"panel-grid-cell\" ><div id=\"panel-102-1-0-0\" class=\"so-panel widget widget_black-studio-tinymce widget_black_studio_tinymce panel-first-child panel-last-child\" data-index=\"1\" ><div style=\"text-align: left;\" data-title-color=\"#443f3f\" data-headings-color=\"#443f3f\" class=\"panel-widget-style panel-widget-style-for-102-1-0-0\" ><div class=\"textwidget\"><p><img class=\"alignnone wp-image-297 size-full\" src=\"http:\/\/www.m-blass.de\/wp-content\/uploads\/2018\/08\/intranet-1.jpg\" alt=\"\" width=\"1600\" height=\"900\" \/><\/p>\n<\/div><\/div><\/div><\/div><div id=\"pgc-102-1-1\"  class=\"panel-grid-cell\" ><div id=\"panel-102-1-1-0\" class=\"so-panel widget widget_black-studio-tinymce widget_black_studio_tinymce panel-first-child panel-last-child\" data-index=\"2\" ><div style=\"text-align: left;\" data-title-color=\"#443f3f\" data-headings-color=\"#443f3f\" class=\"panel-widget-style panel-widget-style-for-102-1-1-0\" ><div class=\"textwidget\"><h4 style=\"text-align: center;\">Intranet - die t\u00e4gliche Arbeitserleichterung<\/h4>\n<p>Mit einem internen Portal (es muss nicht gleich ein ganzes Intranet sein) erleichtern Sie Ihren Mitarbeitern die Erledigung der t\u00e4glichen Aufgaben.<\/p>\n<p>Daten werden einmal, nicht redundant und jederzeit verf\u00fcgbar vorgehalten.<\/p>\n<p>Informationen k\u00f6nnen aktuell an alle Mitarbeiter verteilt werden.<\/p>\n<p>Die Zusammenarbeit untereinander und das Wir-Gef\u00fchl wird gest\u00e4rkt.<\/p>\n<\/div><\/div><\/div><\/div><\/div><\/div><div id=\"pg-102-2\"  class=\"panel-grid panel-has-style\" ><div class=\"siteorigin-panels-stretch panel-row-style panel-row-style-for-102-2\" style=\"padding: 0px 0; \" data-stretch-type=\"full-stretched\" data-overlay=\"true\" data-overlay-color=\"#000000\" ><div id=\"pgc-102-2-0\"  class=\"panel-grid-cell\" ><div id=\"panel-102-2-0-0\" class=\"so-panel widget widget_black-studio-tinymce widget_black_studio_tinymce panel-first-child panel-last-child\" data-index=\"3\" ><div style=\"text-align: left;\" data-title-color=\"#443f3f\" data-headings-color=\"#443f3f\" class=\"panel-widget-style panel-widget-style-for-102-2-0-0\" ><div class=\"textwidget\"><h4 style=\"text-align: center;\">Ein paar Beispiele gef\u00e4llig ?<\/h4>\n<p>Bei 20 Mitarbeitern gibt es mindestens <strong>15 ausgedruckte Listen in mindestens 5 verschiedenen Versionsst\u00e4nden<\/strong>. Die zentrale Telefonliste mit Suchfunktion und weiterf\u00fchrenden Infos wie Standort, Aufgabe, Bild macht all dies \u00fcberfl\u00fcssig, spart Zeit und vereinfacht den Zugriff auf Daten.<\/p>\n<p>Die aktuelle Beschreibung Ihres neuesten\u00a0<strong>Produktes<\/strong> ist f\u00fcr jeden Mitarbeiter wichtig.\u00a0Aktuelle <strong>Mitteilungen der Unternehmensleitung<\/strong> k\u00f6nnen unverz\u00fcglich kommuniziert werden.\u00a0Weitere Ideen f\u00fcr Ihr erstes Intranets sind z.B. <strong>Buchen<\/strong> von Besprechungsr\u00e4umen, ein interner <strong>Marktplatz<\/strong>, das <strong>Organigramm<\/strong>, Notfallpl\u00e4ne etc.<\/p>\n<\/div><\/div><\/div><\/div><div id=\"pgc-102-2-1\"  class=\"panel-grid-cell\" ><div id=\"panel-102-2-1-0\" class=\"so-panel widget widget_black-studio-tinymce widget_black_studio_tinymce panel-first-child panel-last-child\" data-index=\"4\" ><div style=\"text-align: left;\" data-title-color=\"#443f3f\" data-headings-color=\"#443f3f\" class=\"panel-widget-style panel-widget-style-for-102-2-1-0\" ><div class=\"textwidget\"><p><img class=\"alignnone wp-image-298 size-full\" src=\"http:\/\/www.m-blass.de\/wp-content\/uploads\/2018\/08\/intranet-2.jpg\" alt=\"\" width=\"1600\" height=\"900\" \/><\/p>\n<\/div><\/div><\/div><\/div><\/div><\/div><div id=\"pg-102-3\"  class=\"panel-grid panel-has-style\" ><div style=\"padding: 0px 0; \" data-overlay=\"true\" data-overlay-color=\"#000000\" class=\"panel-row-style panel-row-style-for-102-3\" ><div id=\"pgc-102-3-0\"  class=\"panel-grid-cell\" ><div id=\"panel-102-3-0-0\" class=\"so-panel widget widget_black-studio-tinymce widget_black_studio_tinymce panel-first-child\" data-index=\"5\" ><div style=\"text-align: left;\" data-title-color=\"#443f3f\" data-headings-color=\"#443f3f\" class=\"panel-widget-style panel-widget-style-for-102-3-0-0\" ><div class=\"textwidget\"><p>Egal, wie gro\u00df Ihr Intranet werden soll. Gemeinsam finden wir ein gutes Ma\u00df f\u00fcr den Start, um Ihre Mitarbeiter zu unterst\u00fctzen und gut zu informieren.<\/p>\n<\/div><\/div><\/div><div id=\"panel-102-3-0-1\" class=\"so-panel widget widget_sow-button panel-last-child\" data-index=\"6\" ><div style=\"text-align: left;\" data-title-color=\"#443f3f\" data-headings-color=\"#443f3f\" class=\"panel-widget-style panel-widget-style-for-102-3-0-1\" ><div class=\"so-widget-sow-button so-widget-sow-button-atom-4a75a8acc3b6\"><div class=\"ow-button-base ow-button-align-center\">\n\t<a href=\"\/kontakt\" class=\"ow-icon-placement-left ow-button-hover\" \t\t>\n\t\t<span>\n\t\t\t<span class=\"sow-icon-fontawesome sow-far\" data-sow-icon=\"&#xf2b5;\"\n\t\t ><\/span>\n\t\t\tJetzt kontaktieren\t\t<\/span>\n\t<\/a>\n<\/div>\n<\/div><\/div><\/div><\/div><\/div><\/div><\/div>","protected":false},"excerpt":{"rendered":"<p>Intranet &#8211; Informationen und\u00a0t\u00e4gliche Unterst\u00fctzung\u00a0f\u00fcr Ihre Mitarbeiter\u00a0 Intranet &#8211; die t\u00e4gliche Arbeitserleichterung Mit einem internen Portal (es muss nicht gleich ein ganzes Intranet sein) erleichtern Sie Ihren Mitarbeitern die Erledigung der t\u00e4glichen Aufgaben. Daten werden einmal, nicht redundant und jederzeit verf\u00fcgbar vorgehalten. Informationen k\u00f6nnen aktuell an alle Mitarbeiter verteilt werden. Die Zusammenarbeit untereinander und das [&hellip;]<\/p>\n","protected":false},"author":1,"featured_media":0,"parent":0,"menu_order":0,"comment_status":"closed","ping_status":"closed","template":"page-templates\/page_front-page.php","meta":[],"_links":{"self":[{"href":"https:\/\/www.m-blass.de\/index.php?rest_route=\/wp\/v2\/pages\/102"}],"collection":[{"href":"https:\/\/www.m-blass.de\/index.php?rest_route=\/wp\/v2\/pages"}],"about":[{"href":"https:\/\/www.m-blass.de\/index.php?rest_route=\/wp\/v2\/types\/page"}],"author":[{"embeddable":true,"href":"https:\/\/www.m-blass.de\/index.php?rest_route=\/wp\/v2\/users\/1"}],"replies":[{"embeddable":true,"href":"https:\/\/www.m-blass.de\/index.php?rest_route=%2Fwp%2Fv2%2Fcomments&post=102"}],"version-history":[{"count":19,"href":"https:\/\/www.m-blass.de\/index.php?rest_route=\/wp\/v2\/pages\/102\/revisions"}],"predecessor-version":[{"id":563,"href":"https:\/\/www.m-blass.de\/index.php?rest_route=\/wp\/v2\/pages\/102\/revisions\/563"}],"wp:attachment":[{"href":"https:\/\/www.m-blass.de\/index.php?rest_route=%2Fwp%2Fv2%2Fmedia&parent=102"}],"curies":[{"name":"wp","href":"https:\/\/api.w.org\/{rel}","templated":true}]}}