{"id":100,"date":"2018-08-23T12:22:01","date_gmt":"2018-08-23T10:22:01","guid":{"rendered":"http:\/\/www.m-blass.de\/?page_id=100"},"modified":"2018-09-07T00:02:27","modified_gmt":"2018-09-06T22:02:27","slug":"google","status":"publish","type":"page","link":"https:\/\/www.m-blass.de\/?page_id=100","title":{"rendered":"Google"},"content":{"rendered":"<div id=\"pl-100\"  class=\"panel-layout\" ><div id=\"pg-100-0\"  class=\"panel-grid panel-has-style\" ><div class=\"siteorigin-panels-stretch panel-row-style panel-row-style-for-100-0\" style=\"background-image: url(https:\/\/www.m-blass.de\/wp-content\/uploads\/2018\/08\/google-header.jpg);padding: 100px 0; \" data-stretch-type=\"full-stretched\" data-hasbg=\"hasbg\" data-overlay=\"true\" data-overlay-color=\"#000000\" ><div id=\"pgc-100-0-0\"  class=\"panel-grid-cell\" ><div id=\"panel-100-0-0-0\" class=\"so-panel widget widget_black-studio-tinymce widget_black_studio_tinymce panel-first-child panel-last-child\" data-index=\"0\" ><div style=\"text-align: left;\" data-title-color=\"#443f3f\" data-headings-color=\"#443f3f\" class=\"panel-widget-style panel-widget-style-for-100-0-0-0\" ><div class=\"textwidget\"><h2 style=\"text-align: center;\"><span style=\"color: #ffffff;\">Google -\u00a0<\/span><\/h2>\n<h3 style=\"text-align: center;\"><span style=\"color: #ffffff;\">suchen und gefunden werden<\/span><\/h3>\n<\/div><\/div><\/div><\/div><\/div><\/div><div id=\"pg-100-1\"  class=\"panel-grid panel-has-style\" ><div class=\"siteorigin-panels-stretch panel-row-style panel-row-style-for-100-1\" style=\"padding: 0px 0; \" data-stretch-type=\"full-stretched\" data-overlay=\"true\" data-overlay-color=\"#000000\" ><div id=\"pgc-100-1-0\"  class=\"panel-grid-cell\" ><div id=\"panel-100-1-0-0\" class=\"so-panel widget widget_black-studio-tinymce widget_black_studio_tinymce panel-first-child panel-last-child\" data-index=\"1\" ><div style=\"text-align: left;\" data-title-color=\"#443f3f\" data-headings-color=\"#443f3f\" class=\"panel-widget-style panel-widget-style-for-100-1-0-0\" ><div class=\"textwidget\"><p><img class=\"alignnone wp-image-290 size-full\" src=\"http:\/\/www.m-blass.de\/wp-content\/uploads\/2018\/08\/google-1.jpg\" alt=\"\" width=\"1600\" height=\"900\" \/><\/p>\n<\/div><\/div><\/div><\/div><div id=\"pgc-100-1-1\"  class=\"panel-grid-cell\" ><div id=\"panel-100-1-1-0\" class=\"so-panel widget widget_black-studio-tinymce widget_black_studio_tinymce panel-first-child panel-last-child\" data-index=\"2\" ><div style=\"text-align: left;\" data-title-color=\"#443f3f\" data-headings-color=\"#443f3f\" class=\"panel-widget-style panel-widget-style-for-100-1-1-0\" ><div class=\"textwidget\"><h4 style=\"text-align: center;\">Suchet, so werdet Ihr finden<\/h4>\n<p>Wussten Sie, dass es bei Google eine zweite und weitere Seiten mit Treffern gibt ? Nicht umsonst hei\u00dft es: \"Wenn Du etwas verstecken willst, lege es bei Google auf Seite zwei\". Kaum jemand schaut dort nach.<\/p>\n<p>Das hei\u00dft f\u00fcr Sie, irgendwie auf die erste Seite bei den Treffern zu gelangen. Dies gelingt auf zwei unterschiedlichen Wegen:<\/p>\n<ul>\n<li>organische Suche<\/li>\n<li>Google-Adwords<\/li>\n<\/ul>\n<\/div><\/div><\/div><\/div><\/div><\/div><div id=\"pg-100-2\"  class=\"panel-grid panel-has-style\" ><div class=\"siteorigin-panels-stretch panel-row-style panel-row-style-for-100-2\" style=\"padding: 0px 0; \" data-stretch-type=\"full-stretched\" data-overlay=\"true\" data-overlay-color=\"#000000\" ><div id=\"pgc-100-2-0\"  class=\"panel-grid-cell\" ><div id=\"panel-100-2-0-0\" class=\"so-panel widget widget_black-studio-tinymce widget_black_studio_tinymce panel-first-child panel-last-child\" data-index=\"3\" ><div style=\"text-align: left;\" data-title-color=\"#443f3f\" data-headings-color=\"#443f3f\" class=\"panel-widget-style panel-widget-style-for-100-2-0-0\" ><div class=\"textwidget\"><p><strong>organische Suche<\/strong><\/p>\n<p>Wir gestalten den Text auf Ihren Seiten derart, dass Google aufgrund gefundener W\u00f6rter eine gewisse Relevanz f\u00fcr das Suchwort annimmt. Dies gelingt umso besser, wenn wir auf spezielle Suchw\u00f6rter optimieren. F\u00fcr das Suchwort \"Reise\" wird es dank TUI, ThomasCook und Expedia sehr schwer, auf die erste Seite zu kommen. F\u00fcr \"Ferienwohnung privat Costa Blanca\" kann dies gelingen.<\/p>\n<p><strong>Google Adwords<\/strong><\/p>\n<p>Sie bezahlen Google daf\u00fcr, Ihre Werbeanzeige bei bestimmten Suchw\u00f6rtern einzublenden.<\/p>\n<\/div><\/div><\/div><\/div><div id=\"pgc-100-2-1\"  class=\"panel-grid-cell\" ><div id=\"panel-100-2-1-0\" class=\"so-panel widget widget_black-studio-tinymce widget_black_studio_tinymce panel-first-child panel-last-child\" data-index=\"4\" ><div style=\"text-align: left;\" data-title-color=\"#443f3f\" data-headings-color=\"#443f3f\" class=\"panel-widget-style panel-widget-style-for-100-2-1-0\" ><div class=\"textwidget\"><p><img class=\"alignnone wp-image-291 size-full\" src=\"http:\/\/www.m-blass.de\/wp-content\/uploads\/2018\/08\/google-2.jpg\" alt=\"\" width=\"1600\" height=\"900\" \/><\/p>\n<\/div><\/div><\/div><\/div><\/div><\/div><div id=\"pg-100-3\"  class=\"panel-grid panel-has-style\" ><div class=\"siteorigin-panels-stretch panel-row-style panel-row-style-for-100-3\" style=\"padding: 0px 0; \" data-stretch-type=\"full-stretched\" data-overlay=\"true\" data-overlay-color=\"#000000\" ><div id=\"pgc-100-3-0\"  class=\"panel-grid-cell\" ><div id=\"panel-100-3-0-0\" class=\"so-panel widget widget_black-studio-tinymce widget_black_studio_tinymce panel-first-child\" data-index=\"5\" ><div style=\"text-align: left;\" data-title-color=\"#443f3f\" data-headings-color=\"#443f3f\" class=\"panel-widget-style panel-widget-style-for-100-3-0-0\" ><div class=\"textwidget\"><p>Egal, welchen Weg Sie gehen wollen (auch beide Wege gleichzeitig sind nat\u00fcrlich m\u00f6glich):<br \/>\nWir beraten Sie gerne und optimieren Ihren Web-Auftritt f\u00fcr Google.<\/p>\n<\/div><\/div><\/div><div id=\"panel-100-3-0-1\" class=\"so-panel widget widget_sow-button panel-last-child\" data-index=\"6\" ><div style=\"text-align: left;\" data-title-color=\"#443f3f\" data-headings-color=\"#443f3f\" class=\"panel-widget-style panel-widget-style-for-100-3-0-1\" ><div class=\"so-widget-sow-button so-widget-sow-button-atom-4a75a8acc3b6\"><div class=\"ow-button-base ow-button-align-center\">\n\t<a href=\"\/kontakt\" class=\"ow-icon-placement-left ow-button-hover\" \t\t>\n\t\t<span>\n\t\t\t<span class=\"sow-icon-fontawesome sow-far\" data-sow-icon=\"&#xf2b5;\"\n\t\t ><\/span>\n\t\t\tJetzt kontaktieren\t\t<\/span>\n\t<\/a>\n<\/div>\n<\/div><\/div><\/div><\/div><\/div><\/div><\/div>","protected":false},"excerpt":{"rendered":"<p>Google &#8211;\u00a0 suchen und gefunden werden Suchet, so werdet Ihr finden Wussten Sie, dass es bei Google eine zweite und weitere Seiten mit Treffern gibt ? Nicht umsonst hei\u00dft es: &#8222;Wenn Du etwas verstecken willst, lege es bei Google auf Seite zwei&#8220;. Kaum jemand schaut dort nach. Das hei\u00dft f\u00fcr Sie, irgendwie auf die erste [&hellip;]<\/p>\n","protected":false},"author":1,"featured_media":0,"parent":0,"menu_order":0,"comment_status":"closed","ping_status":"closed","template":"page-templates\/page_front-page.php","meta":[],"_links":{"self":[{"href":"https:\/\/www.m-blass.de\/index.php?rest_route=\/wp\/v2\/pages\/100"}],"collection":[{"href":"https:\/\/www.m-blass.de\/index.php?rest_route=\/wp\/v2\/pages"}],"about":[{"href":"https:\/\/www.m-blass.de\/index.php?rest_route=\/wp\/v2\/types\/page"}],"author":[{"embeddable":true,"href":"https:\/\/www.m-blass.de\/index.php?rest_route=\/wp\/v2\/users\/1"}],"replies":[{"embeddable":true,"href":"https:\/\/www.m-blass.de\/index.php?rest_route=%2Fwp%2Fv2%2Fcomments&post=100"}],"version-history":[{"count":14,"href":"https:\/\/www.m-blass.de\/index.php?rest_route=\/wp\/v2\/pages\/100\/revisions"}],"predecessor-version":[{"id":447,"href":"https:\/\/www.m-blass.de\/index.php?rest_route=\/wp\/v2\/pages\/100\/revisions\/447"}],"wp:attachment":[{"href":"https:\/\/www.m-blass.de\/index.php?rest_route=%2Fwp%2Fv2%2Fmedia&parent=100"}],"curies":[{"name":"wp","href":"https:\/\/api.w.org\/{rel}","templated":true}]}}